 - 1. Suppose -4*o + 5*g = -37, -2*o = 3*o + 2*g - 71. Let v = 17 - o. List the prime factors of n(v).
3
Let t(f) = 2*f**3 - 8*f**2 - f + 19. Let o be t(7). List the prime factors of (-16)/(-20) - o/(-30).
11
Suppose -4*d + 2*b + 168 = 0, -d = -7*b + 10*b - 42. List the prime factors of d.
2, 3, 7
Suppose -5*k = -k - 516. Suppose -5*r + 5*u + 295 = 0, -3*u + k = 5*r - 150. List the prime factors of r.
3, 19
Let o(r) = r + 10. Let a be o(-7). Suppose -252 = -a*i - 54. List the prime factors of i.
2, 3, 11
Suppose 5*f = -10, 5*w + 12 = f + 399. Let z = 154 - w. What are the prime factors of z?
7, 11
What are the prime factors of (306/4)/(-1)*-2?
3, 17
Let t(k) = -k**2 - 14*k + 4. Let o be t(-14). Let j(p) be the first derivative of 3*p**2/2 + p + 2. List the prime factors of j(o).
13
Let k = -33 + 88. What are the prime factors of k?
5, 11
Suppose -45*k + 10071 = -36*k. What are the prime factors of k?
3, 373
Let y be ((-5)/(-10))/(2/4). Let x be 3 + y/((-1)/66). Let h = 92 + x. List the prime factors of h.
29
Suppose 2 = d, 4*k + 4 = -2*d - 2*d. What are the prime factors of (k + 4)*3*4?
2, 3
Let x be (3/(6/(-94)))/1. Let s = -427 + 356. Let y = x - s. What are the prime factors of y?
2, 3
List the prime factors of (-19)/(-190) - (-6559)/10.
2, 41
Let s(j) = 93*j**2 - 5*j + 1. Let r be s(4). Suppose -10*q - 3*q = -r. List the prime factors of q.
113
Let c(u) = -3*u + 36. Let n be c(10). List the prime factors of 4*n/16*150.
3, 5
Let n be -1 - (1 - 22) - -2. Suppose -n = -5*o + 973. List the prime factors of o.
199
Suppose -375 = -5*m + 3*c, 5*m - c + 2*c - 355 = 0. Suppose -3*z = z - m. List the prime factors of z.
2, 3
Let a(m) be the second derivative of 7*m**4/6 - 3*m**3/2 + 3*m**2/2 - 6*m - 5. List the prime factors of a(-4).
263
Let w = 21 + -20. Let c be (3 - w)/2 - 1. Suppose c = -4*t + 54 + 6. What are the prime factors of t?
3, 5
Suppose -109*i + 3770 = -99*i. What are the prime factors of i?
13, 29
Let h(f) = 3*f**3 - 2*f**2 + 3*f - 1. Let c be h(1). Suppose n + 2 = 0, -c*q - 4*n - 78 = -4*q. List the prime factors of q.
2, 5, 7
Let y = 1286 + -828. What are the prime factors of y?
2, 229
Suppose -21*j + 51*j = 18900. List the prime factors of j.
2, 3, 5, 7
What are the prime factors of ((-24948)/30)/9*(-7 + 2)?
2, 3, 7, 11
Let s(f) = -5 - 3 + 4*f**3 - 3*f**3 - 2 + 8*f. List the prime factors of s(4).
2, 43
Let i(a) = -4*a**2 - 3*a - 18. Let z(s) = 5*s**2 + 3*s + 19. Let b(q) = 6*i(q) + 5*z(q). List the prime factors of b(6).
5
Suppose 5*q = -g + 680 - 235, 0 = -g - q + 461. List the prime factors of g.
3, 5, 31
Suppose 6578 - 87518 = -57*h. List the prime factors of h.
2, 5, 71
Suppose 287*z = 286*z + 819. What are the prime factors of z?
3, 7, 13
Let m = -11 - -15. Let k be ((-1)/1)/(m/16). List the prime factors of k/8*(-62)/1.
31
Suppose g - 6 = h, 3*g - 5*h - 22 = -0. Let t(f) = 12*f + 61. What are the prime factors of t(g)?
109
Suppose 0 = b + 2*b - 162. Let o(u) = 4*u**3 - u**2 - u. Let h be o(-2). Let a = b + h. What are the prime factors of a?
2, 5
Suppose 323 - 1041 = -t + 4*k, -3*k = 3*t - 2169. What are the prime factors of t?
2, 19
Let d(y) = 2*y**3 - 26*y**2 + 7*y - 18. List the prime factors of d(15).
3, 7, 47
Suppose 6*h - 186 = 4*h + 5*i, 2*i = -5*h + 465. Suppose 2*w - 113 - h = 0. What are the prime factors of w?
103
Let f = 2778 - 1266. List the prime factors of f.
2, 3, 7
Suppose 3*p = -12, -a - 7 = 4*p + 2. List the prime factors of (a/(-3) - -3)/((-8)/(-636)).
53
Let v be -23 + (-3 + 2 - -3). Let d be 2/(-7) + 78/v. Let m(i) = -4*i - 9. List the prime factors of m(d).
7
Suppose 997 = 15*x - 1163. What are the prime factors of x?
2, 3
Let g = -29 + 0. Let m = 53 + g. What are the prime factors of m?
2, 3
Suppose -5*g = 4*t - 2*t + 10, 2*g = 4*t - 4. Let n = 1 - g. Suppose 8 = 4*k + 4*v, -k = -n*k - v + 9. List the prime factors of k.
7
Let t = 112 - 108. Suppose 6*b = -t*w + b + 1096, 4*b = 0. List the prime factors of w.
2, 137
Let r be 4/14 + 72/42. List the prime factors of (r + 256/(-12))*-3.
2, 29
Let m(z) = -z**3 + 13*z**2 - 22*z + 2. Let r be m(11). Suppose r*o - 536 = -5*l - 0*l, 3*l - 5*o - 334 = 0. What are the prime factors of l?
2, 3
Let q be -1 - 3 - (0 - 16). Let x(j) = -9*j - 13. Let y(z) = -5*z - 7. Let k(o) = -3*x(o) + 5*y(o). What are the prime factors of k(q)?
2, 7
Let b(j) = 3*j**3 - 18*j**2 - 37*j + 21. List the prime factors of b(9).
3, 139
Suppose -47*s = -46*s - 738. List the prime factors of s.
2, 3, 41
Let i = 249 + -65. List the prime factors of i.
2, 23
Suppose -l + 155 = -36. Let x be (62/(-6))/((-2)/6). Suppose -x = 5*j - l. What are the prime factors of j?
2
Let z(q) = q + 8. Let u be z(4). Let l(m) = -m + 37. List the prime factors of l(u).
5
Let a be (6/4)/((-15)/(-350)). Suppose 3*s - 16 = a. List the prime factors of s.
17
Let q(v) = v**2 - 19*v + 5. Let z be q(19). Suppose z*a = -16*y + 11*y + 890, -y = -2*a - 193. List the prime factors of y.
3, 61
Let o(c) = -4*c**2 - 4*c + 23. Let p be o(-6). Let h = p + 125. What are the prime factors of h?
2, 7
Suppose -4*a - 2*i = -23346, -31*i = 5*a - 35*i - 29202. List the prime factors of a.
2, 3, 7, 139
Let c = 2348 - 1192. List the prime factors of c.
2, 17
Suppose 41*x - 17725 = 3103. What are the prime factors of x?
2, 127
Let f(l) = -3*l**2 - 4*l + 39*l**3 - 20*l**3 - 18*l**3 + 12. What are the prime factors of f(6)?
2, 3
List the prime factors of 0 - (1*-1)/(15/8355).
557
Let j = -395 - -278. Let i = -30 - j. What are the prime factors of i?
3, 29
Suppose 0 = 10*h - 14*h - 5*g + 1265, 3*h - 940 = -2*g. List the prime factors of h.
2, 5, 31
Suppose 0 = 10*a - 15*a + 1090. Suppose -6 = 4*r - a. List the prime factors of r.
53
What are the prime factors of (12/5)/(24/(-60)) - -2985?
3, 331
Let t be -3 - (-15 + 0 + 1). Let u = 13 - t. Suppose -2*b + 42 = u. What are the prime factors of b?
2, 5
Suppose 0*j - 78 = 3*j. Let b(n) = 11*n + 7. Let k be b(-4). Let d = j - k. List the prime factors of d.
11
What are the prime factors of (-5950)/(-16) + 4/32?
2, 3, 31
Suppose 3*x = 18 - 0. Let q(p) = 18*p + 35. List the prime factors of q(x).
11, 13
Let p(k) = -16*k - 10. Let c be p(10). What are the prime factors of (c/(-40))/((-2)/(-8))?
17
Let s(t) be the second derivative of 0 + 2/3*t**4 + t**2 + 0*t**3 + 7*t. List the prime factors of s(-2).
2, 17
Suppose 0 = -32*q + 30719 - 4991. What are the prime factors of q?
2, 3, 67
Suppose -21*n + 88572 = -4416. List the prime factors of n.
2, 3, 41
Suppose 8 - 4 = a. Suppose 84 = 4*d - a*j, 2*j = -4*d - 0*j + 72. List the prime factors of d.
19
Let o(b) be the first derivative of b**2/2 + 18. List the prime factors of o(7).
7
Suppose 2*v - v = g + 6, 5*g - 6 = -4*v. Suppose 0 = -5*q + 3*x + 435, 94 = v*q + 5*x - 217. What are the prime factors of q?
2, 3, 7
Let n = -100 + -229. Let g = 507 + n. List the prime factors of g.
2, 89
Let a = -308 + 298. Let u be (-2)/(-7) - (-60)/(-14). List the prime factors of 0 + (0 + u - a).
2, 3
Let k(m) = m**2 + m - 2. Let q be k(0). Let p be q/(-7) + 402/14. Let w = p + -19. List the prime factors of w.
2, 5
Let y be -4*((3 - 3) + 1). List the prime factors of 275/5 - y - 3.
2, 7
Suppose 0 = 4*g + 5*j - 299, -4*j + 167 = 4*g - 133. Suppose 2*y - 12 = -k, -5*k - 5*y - 1 = -g. List the prime factors of k.
2, 3
Let t(b) = 2*b - 13. Let r be t(6). Let o be (-5 + r)*6/(-9). Suppose m - 6 = -5*u, 2*m + 67 = o*m - u. What are the prime factors of m?
31
Let m(i) = -i**3 - i**2 + 2*i + 4. Let b be m(-2). Let z(a) = a**2 - a - 7. Let k be z(b). Suppose -k*j + 305 = 70. What are the prime factors of j?
47
Let k = 51 + 550. List the prime factors of k.
601
Suppose -4*x + 2*x = -8. Suppose -x*q - 154 = 14. Let f = 66 + q. List the prime factors of f.
2, 3
Suppose 712 = 4*q + 4*s, 8*s - 4*s = q - 168. What are the prime factors of q?
2, 11
Suppose 28*b - 12 = 24*b. Suppose -4*j - 3*h + 804 = 0, -297 = -b*j - h + 306. List the prime factors of j.
3, 67
Let n = -3173 - -4767. Suppose 2*i - n = -5*v, -i = -3*i + 3*v + 1626. List the prime factors of i/15 + (-2)/(-10).
2, 3
Let s = 16 - 41. Let t = s - -94. What are the prime factors of t?
3, 23
Let l(m) = -m + 5. Let v be l(-7). Suppose -5*s + 2*s = 4*u + v, -4*s - 16 = 4*u. Suppose -2*b + 82 + 8 = u. What are the prime f